{"id":504,"date":"2020-05-01T20:45:46","date_gmt":"2020-05-01T20:45:46","guid":{"rendered":"https:\/\/omworks.de\/wordpress\/?page_id=504"},"modified":"2020-08-25T12:49:30","modified_gmt":"2020-08-25T12:49:30","slug":"datenschutz","status":"publish","type":"page","link":"https:\/\/omworks.de\/wordpress\/datenschutz\/","title":{"rendered":"Datenschutz"},"content":{"rendered":"\t\t<div data-elementor-type=\"wp-page\" data-elementor-id=\"504\" class=\"elementor elementor-504\">\n\t\t\t\t\t\t<section class=\"elementor-section elementor-top-section elementor-element elementor-element-57c9c11 elementor-section-boxed elementor-section-height-default elementor-section-height-default\" data-id=\"57c9c11\" data-element_type=\"section\">\n\t\t\t\t\t\t<div class=\"elementor-container elementor-column-gap-default\">\n\t\t\t\t\t<div class=\"elementor-column elementor-col-100 elementor-top-column elementor-element elementor-element-065ecf9\" data-id=\"065ecf9\" data-element_type=\"column\">\n\t\t\t<div class=\"elementor-widget-wrap elementor-element-populated\">\n\t\t\t\t\t\t<div class=\"elementor-element elementor-element-1ede67f elementor-widget elementor-widget-heading\" data-id=\"1ede67f\" data-element_type=\"widget\" data-widget_type=\"heading.default\">\n\t\t\t\t<div class=\"elementor-widget-container\">\n\t\t\t\t\t<h5 class=\"elementor-heading-title elementor-size-default\"><div>Datenschutzerkl\u00e4rung<\/div><\/h5>\t\t\t\t<\/div>\n\t\t\t\t<\/div>\n\t\t\t\t<div class=\"elementor-element elementor-element-3ff17fc elementor-widget elementor-widget-text-editor\" data-id=\"3ff17fc\" data-element_type=\"widget\" data-widget_type=\"text-editor.default\">\n\t\t\t\t<div class=\"elementor-widget-container\">\n\t\t\t\t\t\t\t\t\t<p>Stand: August 2020<\/p>\n<h4>1)&nbsp;&nbsp; Information \u00fcber die Erhebung und Speicherung von personenbezogenen Daten bei Zugriff auf meine Website und verantwortliche Stelle<\/h4>\n<p>Damit Sie ein gutes Gef\u00fchl daf\u00fcr bekommen, auf welche Art und Weise bei der Ansicht\/ Nutzung dieser Website von mir oder von mir eingesetzten Dienstleistern Daten erhoben, verarbeitet und genutzt werden, gebe ich Ihnen im Folgenden einen \u00dcberblick \u00fcber die Datenverarbeitung. Verantwortliche f\u00fcr die Datenverarbeitung auf dieser Website im Sinne der DSGVO bin ich, Caroline Adrian, Dortelweiler Str. 113, 60389 Frankfurt am Main. Diese Website wird von einem Dienstleister (\u201eLA Webhosting\u201c) gehostet, die auf meiner Website erhobenen Daten werden daher auf den Servern des Dienstleisters gespeichert. Die Serverstandorte befinden sich in Deutschland. Au\u00dfer in den u.g. F\u00e4llen der Social-Media-Plattformen, findet eine Datenverarbeitung au\u00dferhalb der europ\u00e4ischen Union grunds\u00e4tzlich nicht durch mich statt.<\/p>\n<h4>2)&nbsp;&nbsp; Datenerfassung beim Besuch meiner Website<\/h4>\n<p>Beim Besuch meiner Website werden in der Regel nur solche Daten erhoben, die Ihr Browser an den von mir verwandten Website-Server \u00fcbermittelt und die technisch erforderlich sind, um Ihnen die Website anzuzeigen. Dies geschieht in einem sog. Logfile. Im Einzelnen wird \u00fcber jeden Abruf durch Ihr Endger\u00e4t (PC, Mobilfunktelefon etc.) folgender Datensatz im Website-Server-Logfile gespeichert:<br>\u2022&nbsp;&nbsp;&nbsp;&nbsp;&nbsp;&nbsp; Die Uhrzeit des Aufrufs meiner Website (Anfrage an den Server des Hostproviders),<br>\u2022&nbsp;&nbsp;&nbsp;&nbsp;&nbsp;&nbsp; URL der Webseite, von welcher aus Sie meine Website aufgerufen haben,<br>\u2022&nbsp;&nbsp;&nbsp;&nbsp;&nbsp;&nbsp; das Betriebssystem, welches Sie verwenden,<br>\u2022&nbsp;&nbsp;&nbsp;&nbsp;&nbsp;&nbsp; Typ und Version des von Ihnen verwendeten Browsers,<br>\u2022&nbsp;&nbsp;&nbsp;&nbsp;&nbsp;&nbsp; IP-Adresse Ihres Computers (Die IP-Adresse wird pseudonymisiert gespeichert).<\/p>\n<p>Die Menge der Daten wird dabei nur global f\u00fcr alle Besucher zusammengefasst. Diesbez\u00fcglich gibt es keine Einzelauswertung pro Zugriff.<\/p>\n<p>Ein Webanalyse-System ist aktuell nicht im Einsatz. D.h., die gespeicherten Daten werden weder f\u00fcr statistische Zwecke, noch f\u00fcr die Auswertung des Benutzerverhaltens verwendet. Die Logfiles dienen ausschlie\u00dflich der Analyse von Fehlern und Problemen bzw. zur Aufkl\u00e4rung von Angriffen auf die Webseite. Die Herstellung eines konkreten Personenbezuges ist nicht m\u00f6glich.<\/p>\n<p>Durch einen automatischen Ablauf werden alte Logfiles nach sp\u00e4testens 7 Tagen von den Server-Systemen meines Website-Hosters gel\u00f6scht, es sei denn ich oder mein Hosting-Dienstleister erkennen rechtswidrige Handlungen. Dann behalten wir uns vor, die Aufbewahrungsfrist auszusetzen, bis der Sachverhalt gekl\u00e4rt ist.<\/p>\n<p>Rechtsgrundlage f\u00fcr die Verarbeitung dieser Daten ist Art. 6 Abs. 1 lit. f) DSGVO. Mein Interesse ist hier Aufruf und Nutzung der Webseite technisch zu erm\u00f6glichen<\/p>\n<h4>3)&nbsp;&nbsp; Kontaktaufnahme<\/h4>\n<p>Zurzeit ist eine Kontaktaufnahme direkt \u00fcber die Website nicht vorgesehen. Im Rahmen einer Kontaktaufnahme \u00fcber ein anderes Kommunikationsmittel (E-Mail, Brief, Telefon) werden die von Ihnen angegebenen Kontaktdaten (\u201epersonenbezogenen Daten\u201c) \u00fcbermittelt und im Anschluss zum Zwecke der Bearbeitung Ihrer Anfrage und der Vertragsabwicklung durch mich gespeichert, verarbeitet und genutzt. Dies und der Umfang der Daten erfolgt stets auf freiwilliger Basis.<\/p>\n<p>Im Rahmen unserer Zusammenarbeit versende ich zudem ggf. E-Mails mit Einwahllinks zu Webinaren oder anderen Online-Stunden. Weiter besteht die M\u00f6glichkeit, mit mir \u00fcber meine Social-Media-Profile &#8211; entweder durch eine Privatnachricht oder durch einen Kommentar &#8211; Kontakt aufnehmen. Bei Ihrer Kontaktaufnahme mit mir \u00fcber diese Plattformen werden mir insbesondere Ihr Nutzername, der Text der Anfrage und ggf. weitere personenbezogenen Daten von Ihnen mitgeteilt. Ich speichere diese Daten, um Ihre Anfrage beantworten zu k\u00f6nnen. Kommentare sind \u00f6ffentlich und f\u00fcr alle anderen Social-Media-Nutzer sichtbar.<\/p>\n<p>Rechtsgrundlage f\u00fcr die Verarbeitung dieser Daten ist mein berechtigtes Interesse an der Beantwortung Ihres Anliegens gem\u00e4\u00df Art. 6 Abs. 1 lit. f DSGVO. Kommt es zu einer Zusammenarbeit, so ist zus\u00e4tzliche Rechtsgrundlage f\u00fcr die Verarbeitung Art. 6 Abs. 1 lit. b DSGVO.<\/p>\n<p>Wenn kein Erfordernis f\u00fcr eine weitere Speicherung besteht, werden die Daten gel\u00f6scht.&nbsp; In regelm\u00e4\u00dfigen Abst\u00e4nden sehe ich meine Speichermedien, Dokumente- und Email-Archive durch und pr\u00fcfe, ob eine weitere Speicherung erforderlich ist oder Aufbewahrungspflichten f\u00fcr die E-Mails bestehen. Abh\u00e4ngig davon werden Daten weiter gespeichert oder gel\u00f6scht. Letzteres ist der Fall, wenn sich aus den Umst\u00e4nden entnehmen l\u00e4sst, dass der betroffene Sachverhalt abschlie\u00dfend gekl\u00e4rt ist und sofern keine gesetzlichen Aufbewahrungspflichten entgegenstehen. Soweit gesetzliche Aufbewahrungspflichten bestehen, werden die Daten f\u00fcr die Dauer der gesetzlich vorgeschriebenen Aufbewahrungspflicht gespeichert.<\/p>\n<h4>4)&nbsp;&nbsp; Datenverarbeitung und Datensicherheit<\/h4>\n<p>S\u00e4mtliche Daten, welche mir dadurch \u00fcbermittelt werden, dass Sie meine Website nutzen und\/oder Sie mit mir auf einer der o.g. Arten Kontakt aufnehmen und ihre personenbezogenen Daten mir direkt \u00fcbersenden, werden auf IT-Systemen innerhalb Deutschlands gespeichert, verarbeitet und ohne Ihre ausdr\u00fcckliche Einwilligung nicht an Dritte weitergegeben. Da ich die Website und meinen Mailaccount bei einem Dienstleister hoste (LA Webhosting \u2013 Inh. Philipp Lahn, Spielbergtor 12d, D-99099 Erfurt), kann es vorkommen, dass dieser im Rahmen von technisch notwendigen Zugriffen Kenntnis von personenbezogenen Daten erh\u00e4lt. Eine Datenverarbeitungsvereinbarung ist entsprechend geschlossen.<\/p>\n<p>Um diese Daten vor Verlust oder Besch\u00e4digung zu sch\u00fctzen, um die Exaktheit und Sicherheit Ihrer pers\u00f6nlichen Daten sicherzustellen und um unerlaubten Zugriff oder unsachgem\u00e4\u00dfe Benutzung zu verhindern, werden verschiedene Sicherheitsma\u00dfnahmen wie Firewalls und Antivirensoftware eingesetzt.<\/p>\n<h4>5)&nbsp;&nbsp; SSL- bzw. TLS-Verschl\u00fcsselung<\/h4>\n<p>Diese Seite nutzt aus Sicherheitsgr\u00fcnden eine SSL-bzw. TLS-Verschl\u00fcsselung. Eine verschl\u00fcsselte Verbindung erkennen Sie daran, dass die Adresszeile des Browsers von \u201chttp:\/\/\u201d auf \u201chttps:\/\/\u201d wechselt und an dem Schloss-Symbol in Ihrer Browserzeile. Wenn die SSL- bzw. TLS-Verschl\u00fcsselung aktiviert ist, k\u00f6nnen die Daten, die Sie an mich \u00fcbermitteln, nicht von Dritten mitgelesen werden.<\/p>\n<h4>6)&nbsp;&nbsp; Verwendung von Cookies<\/h4>\n<p>Diese Website setzt ausschlie\u00dflich technisch oder funktional notwendige Cookies ein, also Cookies, um das Angebot nutzerfreundlich und funktionaler zu gestalten. Cookies sind Textdateien, die automatisch bei dem Aufruf einer Webseite lokal im Browser des Besuchers abgelegt werden. Dank dieser Dateien ist es beispielsweise m\u00f6glich, auf individuelle Interessen abgestimmte Informationen auf einer Seite anzuzeigen. Auch sicherheitsrelevante Funktionen zum Schutz Ihrer Privatsph\u00e4re werden durch den Einsatz von Cookies erm\u00f6glicht. Sie dienen mir dazu, meinen Internetauftritt und meine Angebote zu optimieren. Es handelt sich dabei zumeist um sog. \u201eSession-Cookies\u201c, die nach dem Ende Ihres Besuches wieder gel\u00f6scht werden.<\/p>\n<p>Auf dieser Website ist die Funktion IP-Anonymisierung aktiviert. Ihre IP-Adresse wird daher nur in anonymisierter Form erhoben und verarbeitet. Die betroffene Person wird zu keinem Zeitpunkt identifiziert.<\/p>\n<p>Der ausschlie\u00dfliche Zweck der Session-Cookies besteht darin, die Seiten-Nutzung so komfortabel wie m\u00f6glich zu gestalten und unser Angebot Ihren Kundenw\u00fcnschen bestm\u00f6glich anzupassen. Die Rechtm\u00e4\u00dfigkeit der Verarbeitung ist in Artikel 6 Abs. 1 (f) der DSGVO begr\u00fcndet. Mein berechtigtes Interesse an der Speicherung von Cookies besteht in dem Wunsch zur technisch fehlerfreien und optimierten Bereitstellung der Website.<\/p>\n<p>Sie k\u00f6nnen zus\u00e4tzlich Ihren Browser so einstellen, dass Sie \u00fcber das Setzen von Cookies informiert werden und Cookies nur im Einzelfall erlauben, die Annahme von Cookies f\u00fcr bestimmte F\u00e4lle oder generell ausschlie\u00dfen sowie das automatische L\u00f6schen der Cookies beim Schlie\u00dfen des Browsers aktivieren. Bei der Deaktivierung von Cookies kann die Funktionalit\u00e4t dieser Website eingeschr\u00e4nkt sein.<\/p>\n<h4>7) Google Fonts<\/h4>\n<p>Ich verwende auf meiner Website Schriftarten von Google (Google Fonts), betrieben von der Google Ireland Limited, Gordon House, Barrow Street, Dublin 4, Irland und der Google LLC, 1600 Amphitheatre Parkway, Mountain View, CA 94043, USA.<br><\/p><p>Mein berechtigtes Interesse im Sinne des Art. 6 I lit. f) DSGVO an der Nutzung von Google Fonts ist die auf allen Ger\u00e4ten kompatible Ausgabe meiner Texte und die schnelle Einbindung beim Aufbau der Website.\n<\/p><h4>8) Meine Social\u2013Media\u2013Profile<\/h4>\n<p>Verlinkung auf Social Media<br>Derzeit gibt es Links durch sog. Social Buttons auf folgende Social-Media-Anbieter: Facebook und Instagram. Durch Anklicken der Links wird die Information, dass Sie meine Website besucht haben, indirekt an diese Anbieter weitergegeben. Wenn Sie eine solche Datenweitergabe nicht wollen, rate ich von der Nutzung der Social Buttons ab.<\/p>\n<h4>Datenverarbeitung durch Social Media<\/h4>\n<p>Sie erreichen mich auch \u00fcber meine Social Media Profile. Diese Datenschutzerkl\u00e4rung ist entsprechend auch f\u00fcr diese g\u00fcltig: Facebook, Instagram und XING.<\/p>\n<p>Meine Profile bei Facebook und Instagram sind sog. Businessprofile, die in der Regel zahlreiche datenschutzrelevante Verarbeitungsvorg\u00e4nge erm\u00f6glichen und ausl\u00f6sen. Die Datenverarbeitung erfolgt im Ausland, u.a. in den USA und Ihr Nutzerverhalten wird mir in anonymisierter Form zur Verf\u00fcgung gestellt. Dies bedeutet, sie k\u00f6nnen durch mich nicht mit Ihnen als Person in Verbindung gebracht werden. Dies bedeutet jedoch nicht zwingend, dass die Datenerhebung und Datenverarbeitung bei Facebook selbst anonymisiert erfolgt.<\/p>\n<p>Meine Social-Media-Profile sind in der Regel abrufbar, ohne dass Sie in Ihren Social-Media-Account eingeloggt sein oder einen Account bei der jeweiligen Social-Media-Plattform besitzen m\u00fcssen. Zudem k\u00f6nnen meine Social-Media-Profile besucht werden, ohne Kommentare zu hinterlassen oder ein Like zu setzen. Facebook erhebt und verarbeitet \u2013 unabh\u00e4ngig vom Anmeldestatus des Nutzers \u2013 regelm\u00e4\u00dfig personenbezogene Daten der Nutzer, beispielsweise durch den Einsatz von Tracking- und Analysetools. Diese Datenerfassung erfolgt in diesem Fall beispielsweise \u00fcber Cookies, die auf Ihrem Endger\u00e4t gespeichert werden oder durch Erfassung Ihrer IP-Adresse. Hierauf habe ich keinen Einfluss und Facebook ist f\u00fcr diese Verarbeitungen der Verantwortliche im datenschutzrechtlichen Sinne.<\/p>\n<p>Besuchen Sie mein Social-Media-Profil, w\u00e4hrend Sie in Ihren Social-Media-Account eingeloggt sind, wird Ihr Besuch Ihrem Account zugeordnet und mit Hilfe der so erfassten Daten k\u00f6nnen unter Umst\u00e4nden Nutzerprofile erstellt werden, in denen Ihre Pr\u00e4ferenzen und Interessen hinterlegt sind. Auf diese Weise kann Ihnen interessenbezogene Werbung in- und au\u00dferhalb der entsprechenden Social-Media-Plattform angezeigt werden. Liken Sie einen Beitrag oder stellen Sie einen Post auf meinem Profil ein oder antworten Sie auf einen Post oder teilen Beitr\u00e4ge, so wird dieser ebenfalls mit Bezug zu Ihrem Account gespeichert und verarbeitet.<\/p>\n<p><strong>Bitte beachten Sie,<\/strong> dass die sozialen Netzwerke unter Umst\u00e4nden nicht alle Verarbeitungsvorg\u00e4nge offenlegen und ich in der Regel auch keinen Einfluss auf die Verarbeitung Ihrer Daten durch die sozialen Netzwerke haben. Je nach Anbieter k\u00f6nnen weitere Verarbeitungsvorg\u00e4nge durchgef\u00fchrt werden. Weitere Details hierzu entnehmen Sie den Nutzungsbedingungen und Datenschutzbestimmungen der jeweiligen Social-Media-Plattform.<\/p>\n<div>Meine Social-Media-Profile dienen meiner Pr\u00e4senz im Internet und einer m\u00f6glichst umfassenden Darstellung meiner Leistungen und um einen fachlichen Austausch erm\u00f6glichen. Hierbei handelt es sich um ein berechtigtes Interesse im Sinne von Art. 6 Abs. 1 (f) DSGVO. Die von den einzelnen sozialen Netzwerken initiierten Analyseprozesse beruhen ggf. auf abweichenden Rechtsgrundlagen, die von den Betreibern der sozialen Netzwerke anzugeben sind (z.B. Einwilligung im Sinne des Art. 6 Abs. 1 (a) DSGVO). <br><\/div>\n<div><br><\/div>\n<div>F\u00fcr die bei Ihrem Besuch ausgel\u00f6sten Datenverarbeitungsvorg\u00e4nge bin ich gemeinsam mit dem Betreiber der Social-Media-Plattform verantwortlich. Allerdings habe ich keinen Einfluss auf die interaktiven Funktionalit\u00e4ten und Sichtbarkeit von Aktivit\u00e4ten. Inswoeit bin ich nicht Verantwortliche im Sinne der DSGVO. Sie k\u00f6nnen die Ihnen zustehenden Rechte (Auskunft, L\u00f6schung, etc.) grunds\u00e4tzlich sowohl mir gegen\u00fcber als auch gegen\u00fcber der entsprechenden Social-Media-Plattform geltend machen. Art und Umfang der Erhebung von personenbezogenen Daten bei Besuch einer Instagram-Seite h\u00e4ngen auch vom Verhalten des Nutzers ab und k\u00f6nnen zum Teil vom Nutzer beeinflusst werden.<\/div>\n<div><br><b>Bitte beachten Sie,<\/b> dass ich trotz der gemeinsamen Verantwortlichkeit leider nur begrenzten Einfluss auf die Datenverarbeitungsvorg\u00e4nge und die M\u00f6glichkeiten der Rechtewahrnehmung auf der entsprechenden Social-Media-Plattform habe. Meine M\u00f6glichkeiten richten sich daher nach den entsprechend zur Verf\u00fcgung gestellten Funktionen der Social-Media-Plattform.Dies gilt auch f\u00fcr die Speicherdauer Ihrer Daten, die von den einzelnen Social-Media-Plattformen zu eigenen Zwecken gespeichert werden. Darauf habe ich keinen Einfluss. F\u00fcr Einzelheiten dazu informieren Sie sich bitte direkt bei den Social-Media-Plattformen:<\/div>\n<div><br><\/div>\n<p><strong>Instagram und Facebook <br><\/strong>Ich verf\u00fcge \u00fcber ein Profil \/ Seite? bei Instagram und Facebook. Anbieter ist Facebook Ireland Limited, 4 Grand Canal Square, Dublin 2, Irland (<a href=\"https:\/\/www.facebook.com\/legal\/terms?ref=pf\">https:\/\/www.facebook.com\/legal\/terms?ref=pf<\/a>).<br>Details zu deren Umgang mit Ihren personenbezogenen Daten entnehmen Sie der Datenschutzerkl\u00e4rung von Facebook:<br><a href=\"https:\/\/www.facebook.com\/about\/basics\/privacy-principles\">https:\/\/www.facebook.com\/about\/basics\/privacy-principles<\/a><br><a href=\"https:\/\/help.instagram.com\/519522125107875\/?helpref=hc_fnav&amp;bc[0]=Instagram-Hilfebereich&amp;bc[1]=Privatsph%C3%A4re%20und%20Sicherheit\">https:\/\/help.instagram.com\/519522125107875\/?helpref=hc_fnav&amp;bc[0]=Instagram-Hilfebereich&amp;bc[1]=Privatsph%C3%A4re%20und%20Sicherheit<\/a><\/p>\n<h5>XING<\/h5>\n<p>Ich verf\u00fcge \u00fcber ein Profil bei XING. Anbieter ist die XING AG, Dammtorstra\u00dfe 29-32, 20354 Hamburg, Deutschland.<\/p>\n<p>Details zu deren Umgang mit Ihren personenbezogenen Daten entnehmen Sie der Datenschutzerkl\u00e4rung von XING: <a href=\"https:\/\/privacy.xing.com\/de\/datenschutzerklaerung\">https:\/\/privacy.xing.com\/de\/datenschutzerklaerung<\/a><\/p>\n<h5>9)&nbsp;&nbsp; Links zu anderen Websites<\/h5>\n<p>Auf meiner Website sind Links (Verzweigungen) zu anderen Websites von Drittanbietern enthalten, um f\u00fcr Sie die dort vorhandenen Informationen einfacher verf\u00fcgbar zu machen und teilweise meiner Informationspflicht nachzukommen.<\/p>\n<p>Auf die Datenverarbeitungsvorg\u00e4nge und die M\u00f6glichkeiten der Rechtewahrnehmung auf der verlinkten Website habe ich keinen Einfluss. F\u00fcr Einzelheiten dazu informieren Sie sich bitte bei dem Anbieter der entsprechenden Internetseite (u.a. in der dort vorhandenen Datenschutzerkl\u00e4rung).<\/p>\n<h5>10)&nbsp;&nbsp; Einbindung von Videos<\/h5>\n<p>Ich binde Videos in mein Online-Angebot ein, die auf dem Webspace meines Webhosters gespeichert sind und von meiner Website aus direkt abspielbar sind. Sollte ich in Zukunft f\u00fcr diesen Dienst auf eine externe Quelle zugreifen finden Sie hier weitere Informationen.<\/p>\n<h5>11)&nbsp;&nbsp; Rechte als Betroffene*r<\/h5>\n<p>Ihnen steht jederzeit ein Auskunftsanspruch dar\u00fcber zu, ob und welche personenbezogenen Daten ich \u00fcber Sie gespeichert habe. Auf Ihren Wunsch kann die Auskunft auch elektronisch erteilt werden. Bei einer Auskunftsanfrage, die nicht schriftlich erfolgt und die nicht anderweitig sicher verifiziert werden kann, m\u00fcssen Sie damit rechnen, dass ich Nachfragen stelle. Ich muss sicherstellen, dass Sie die Person sind, f\u00fcr die Sie sich ausgeben.<\/p>\n<p>Zudem haben Sie ein Recht auf L\u00f6schung\/Sperrung oder Berichtigung oder auf Einschr\u00e4nkung der Verarbeitung, soweit Ihnen das gesetzlich zusteht. Auf Anfrage werde ich Ihnen auch hierzu jederzeit gerne Auskunft erteilen.<br>Schlie\u00dflich haben Sie ein Widerrufsrecht gegen die Verarbeitung im Rahmen der gesetzlichen Vorgaben. Sie k\u00f6nnen eine bereits erteilte Einwilligung jederzeit f\u00fcr die Zukunft widerrufen. Dazu reicht eine Mail an mich. Die Rechtm\u00e4\u00dfigkeit der bis zum Widerruf erfolgten Datenverarbeitung bleibt vom Widerruf unber\u00fchrt. Insbesondere wenn Sie ein Widerrufsrecht gegen eine Verarbeitung Ihrer Daten auf Basis meiner Interessenabw\u00e4gung geltend machen m\u00f6chten, ist dies genau zu pr\u00fcfen. Ich habe meine Interessenabw\u00e4gungen hier sorgf\u00e4ltig vorgenommen. Daher ist damit zu rechnen, dass ich auch hier Nachfragen zur \u201ebesonderen Situation\u201c i.S.d. Art. 21 Abs.1 DSGVO stellen werde.<\/p>\n<p>Nat\u00fcrlich haben Sie auch ein Recht auf Daten\u00fcbertragbarkeit. Auch hier gilt, dass dies nur im Rahmen der gesetzlichen Vorgaben gew\u00e4hrt wird.<\/p>\n<p>F\u00fcr R\u00fcckfragen k\u00f6nnen Sie sich gerne \u00fcber <a href=\"datenschutz@omworks.de\">datenschutz@omworks.de<\/a> an mich wenden.<\/p>\n<h5>12)&nbsp;&nbsp;&nbsp; Beschwerderecht bei einer Aufsichtsbeh\u00f6rde<\/h5>\n<p>Sie haben das Recht, sich \u00fcber die Verarbeitung personenbezogener Daten durch mich bei einer Aufsichtsbeh\u00f6rde f\u00fcr den Datenschutz zu beschweren.<\/p>\n<h5>12)&nbsp;&nbsp;&nbsp;&nbsp; \u00dcberarbeitung dieser Datenschutzerkl\u00e4rung<\/h5>\n<p>Diese Datenschutzerkl\u00e4rung wird bei Bedarf zur Anpassung an technische Entwicklungen oder im Zusammenhang mit dem Angebot neuer Dienstleistungen oder Produkte \u00fcberarbeitet. Die aktuelle Version k\u00f6nnen Sie stets auf dieser Website einsehen.<\/p>\n<div>&nbsp;<\/div>\n<div>&nbsp;<\/div>\n<div>&nbsp;<\/div>\t\t\t\t\t\t\t\t<\/div>\n\t\t\t\t<\/div>\n\t\t\t\t\t<\/div>\n\t\t<\/div>\n\t\t\t\t\t<\/div>\n\t\t<\/section>\n\t\t\t\t<\/div>\n\t\t","protected":false},"excerpt":{"rendered":"<p>Datenschutzerkl\u00e4rung Stand: August 2020 1)&nbsp;&nbsp; Information \u00fcber die Erhebung und Speicherung von personenbezogenen Daten bei Zugriff auf meine Website und verantwortliche Stelle Damit Sie ein gutes Gef\u00fchl daf\u00fcr bekommen, auf welche Art und Weise bei der Ansicht\/ Nutzung dieser Website von mir oder von mir eingesetzten Dienstleistern Daten erhoben, verarbeitet und genutzt werden, gebe ich [&hellip;]<\/p>\n","protected":false},"author":1,"featured_media":0,"parent":0,"menu_order":0,"comment_status":"closed","ping_status":"closed","template":"","meta":{"site-sidebar-layout":"no-sidebar","site-content-layout":"plain-container","ast-site-content-layout":"default","site-content-style":"default","site-sidebar-style":"default","ast-global-header-display":"","ast-banner-title-visibility":"","ast-main-header-display":"","ast-hfb-above-header-display":"","ast-hfb-below-header-display":"","ast-hfb-mobile-header-display":"","site-post-title":"disabled","ast-breadcrumbs-content":"","ast-featured-img":"disabled","footer-sml-layout":"","ast-disable-related-posts":"","theme-transparent-header-meta":"default","adv-header-id-meta":"","stick-header-meta":"","header-above-stick-meta":"","header-main-stick-meta":"","header-below-stick-meta":"","astra-migrate-meta-layouts":"default","ast-page-background-enabled":"default","ast-page-background-meta":{"desktop":{"background-color":"","background-image":"","background-repeat":"repeat","background-position":"center center","background-size":"auto","background-attachment":"scroll","background-type":"","background-media":"","overlay-type":"","overlay-color":"","overlay-opacity":"","overlay-gradient":""},"tablet":{"background-color":"","background-image":"","background-repeat":"repeat","background-position":"center center","background-size":"auto","background-attachment":"scroll","background-type":"","background-media":"","overlay-type":"","overlay-color":"","overlay-opacity":"","overlay-gradient":""},"mobile":{"background-color":"","background-image":"","background-repeat":"repeat","background-position":"center center","background-size":"auto","background-attachment":"scroll","background-type":"","background-media":"","overlay-type":"","overlay-color":"","overlay-opacity":"","overlay-gradient":""}},"ast-content-background-meta":{"desktop":{"background-color":"var(--ast-global-color-5)","background-image":"","background-repeat":"repeat","background-position":"center center","background-size":"auto","background-attachment":"scroll","background-type":"","background-media":"","overlay-type":"","overlay-color":"","overlay-opacity":"","overlay-gradient":""},"tablet":{"background-color":"var(--ast-global-color-5)","background-image":"","background-repeat":"repeat","background-position":"center center","background-size":"auto","background-attachment":"scroll","background-type":"","background-media":"","overlay-type":"","overlay-color":"","overlay-opacity":"","overlay-gradient":""},"mobile":{"background-color":"var(--ast-global-color-5)","background-image":"","background-repeat":"repeat","background-position":"center center","background-size":"auto","background-attachment":"scroll","background-type":"","background-media":"","overlay-type":"","overlay-color":"","overlay-opacity":"","overlay-gradient":""}},"footnotes":""},"class_list":["post-504","page","type-page","status-publish","hentry"],"_links":{"self":[{"href":"https:\/\/omworks.de\/wordpress\/wp-json\/wp\/v2\/pages\/504","targetHints":{"allow":["GET"]}}],"collection":[{"href":"https:\/\/omworks.de\/wordpress\/wp-json\/wp\/v2\/pages"}],"about":[{"href":"https:\/\/omworks.de\/wordpress\/wp-json\/wp\/v2\/types\/page"}],"author":[{"embeddable":true,"href":"https:\/\/omworks.de\/wordpress\/wp-json\/wp\/v2\/users\/1"}],"replies":[{"embeddable":true,"href":"https:\/\/omworks.de\/wordpress\/wp-json\/wp\/v2\/comments?post=504"}],"version-history":[{"count":31,"href":"https:\/\/omworks.de\/wordpress\/wp-json\/wp\/v2\/pages\/504\/revisions"}],"predecessor-version":[{"id":2537,"href":"https:\/\/omworks.de\/wordpress\/wp-json\/wp\/v2\/pages\/504\/revisions\/2537"}],"wp:attachment":[{"href":"https:\/\/omworks.de\/wordpress\/wp-json\/wp\/v2\/media?parent=504"}],"curies":[{"name":"wp","href":"https:\/\/api.w.org\/{rel}","templated":true}]}}